{"id":7898,"date":"2023-09-12T09:21:38","date_gmt":"2023-09-12T07:21:38","guid":{"rendered":"https:\/\/balbas.es\/?page_id=7898"},"modified":"2026-08-05T16:48:54","modified_gmt":"2026-08-05T14:48:54","slug":"desde-1777","status":"publish","type":"page","link":"https:\/\/balbas.es\/en\/desde-1777\/","title":{"rendered":"Since 1777"},"content":{"rendered":"<div data-elementor-type=\"wp-page\" data-elementor-id=\"7898\" class=\"elementor elementor-7898\" data-elementor-post-type=\"page\">\n\t\t\t\t<section class=\"elementor-element elementor-element-8ebeebd e-con-full e-flex e-con e-parent\" data-id=\"8ebeebd\" data-element_type=\"container\" data-e-type=\"container\" data-settings=\"{&quot;background_background&quot;:&quot;classic&quot;}\">\n\t\t<div class=\"elementor-element elementor-element-ca9e4bc e-con-full e-flex e-con e-child\" data-id=\"ca9e4bc\" data-element_type=\"container\" data-e-type=\"container\" data-settings=\"{&quot;background_background&quot;:&quot;classic&quot;}\">\n\t\t\t\t<\/div>\n\t\t<div class=\"elementor-element elementor-element-4fba4c1 e-con-full e-flex e-con e-child\" data-id=\"4fba4c1\" data-element_type=\"container\" data-e-type=\"container\" data-settings=\"{&quot;background_background&quot;:&quot;classic&quot;}\">\n\t\t\t\t<div class=\"elementor-element elementor-element-727b87e elementor-widget elementor-widget-heading\" data-id=\"727b87e\" data-element_type=\"widget\" data-e-type=\"widget\" data-widget_type=\"heading.default\">\n\t\t\t\t\t<h2 class=\"elementor-heading-title elementor-size-default\">Nuestra Historia<\/h2>\t\t\t\t<\/div>\n\t\t\t\t<div class=\"elementor-element elementor-element-34b0281 elementor-widget elementor-widget-text-editor\" data-id=\"34b0281\" data-element_type=\"widget\" data-e-type=\"widget\" data-widget_type=\"text-editor.default\">\n\t\t\t\t\t\t\t\t\t<p>La historia de Bodegas Balb\u00e1s se remonta a 1777 y, desde entonces, siete generaciones de la misma familia han mantenido un v\u00ednculo ininterrumpido con esta tierra y con el oficio de elaborar vino.<\/p><p>A lo largo de casi dos siglos y medio hemos visto cambiar el paisaje, las cosechas y las formas de entender el vino, pero nunca aquello que nos define: el respeto por el origen, el valor del tiempo y la convicci\u00f3n de que los grandes vinos nacen mucho antes de llegar a la bodega.<\/p><p>Hoy seguimos elaborando nuestros vinos desde el coraz\u00f3n de la Ribera del Duero con la misma dedicaci\u00f3n con la que comenz\u00f3 nuestra historia, reinterpretando un legado familiar para compartirlo con las nuevas generaciones.<\/p>\t\t\t\t\t\t\t\t<\/div>\n\t\t\t\t<\/div>\n\t\t\t\t<\/section>\n\t\t<section class=\"elementor-element elementor-element-8ed5345 e-con-full e-flex e-con e-parent\" data-id=\"8ed5345\" data-element_type=\"container\" data-e-type=\"container\">\n\t\t<div class=\"elementor-element elementor-element-976da9a e-con-full e-flex e-con e-child\" data-id=\"976da9a\" data-element_type=\"container\" data-e-type=\"container\" data-settings=\"{&quot;background_background&quot;:&quot;classic&quot;}\">\n\t\t\t\t<div class=\"elementor-element elementor-element-9446855 elementor-widget elementor-widget-image\" data-id=\"9446855\" data-element_type=\"widget\" data-e-type=\"widget\" data-widget_type=\"image.default\">\n\t\t\t\t\t\t\t\t\t\t\t\t\t\t\t<img fetchpriority=\"high\" decoding=\"async\" width=\"1920\" height=\"1080\" src=\"https:\/\/balbas.es\/wp-content\/uploads\/2023\/09\/nosotros-balbas-bodegas-jj.jpg\" class=\"attachment-full size-full wp-image-8190\" alt=\"Desde 1777 - Bodegas Balb\u00e1s\" srcset=\"https:\/\/balbas.es\/wp-content\/uploads\/2023\/09\/nosotros-balbas-bodegas-jj.jpg 1920w, https:\/\/balbas.es\/wp-content\/uploads\/2023\/09\/nosotros-balbas-bodegas-jj-300x169.jpg 300w, https:\/\/balbas.es\/wp-content\/uploads\/2023\/09\/nosotros-balbas-bodegas-jj-1024x576.jpg 1024w, https:\/\/balbas.es\/wp-content\/uploads\/2023\/09\/nosotros-balbas-bodegas-jj-768x432.jpg 768w, https:\/\/balbas.es\/wp-content\/uploads\/2023\/09\/nosotros-balbas-bodegas-jj-1536x864.jpg 1536w, https:\/\/balbas.es\/wp-content\/uploads\/2023\/09\/nosotros-balbas-bodegas-jj-18x10.jpg 18w, https:\/\/balbas.es\/wp-content\/uploads\/2023\/09\/nosotros-balbas-bodegas-jj-600x338.jpg 600w\" sizes=\"(max-width: 1920px) 100vw, 1920px\" loading=\"eager\" title=\"\">\t\t\t\t\t\t\t\t\t\t\t\t\t\t\t<\/div>\n\t\t\t\t<\/div>\n\t\t<div class=\"elementor-element elementor-element-ea0415b e-con-full e-flex e-con e-child\" data-id=\"ea0415b\" data-element_type=\"container\" data-e-type=\"container\">\n\t\t\t\t<div class=\"elementor-element elementor-element-2f1e28b elementor-widget elementor-widget-text-editor\" data-id=\"2f1e28b\" data-element_type=\"widget\" data-e-type=\"widget\" data-widget_type=\"text-editor.default\">\n\t\t\t\t\t\t\t\t\t<p>En 1777 comienza el legado de nuestra familia, vinculada al terru\u00f1o y a la vid. Nuestra actividad estaba ligada a la elaboraci\u00f3n de vino para consumo propio con las uvas procedentes de sus tierras, que transportaba en botas hechas con piel de animales.<\/p><p>La fabricaci\u00f3n de estas botas se convirti\u00f3 en nuestro oficio principal, transform\u00e1ndonos as\u00ed en boteros.<\/p><p>Con el paso de los a\u00f1os y la aparici\u00f3n de barricas y vidrio en la regi\u00f3n, este oficio pas\u00f3 a un segundo plano y la elaboraci\u00f3n de vino para su comercializaci\u00f3n cobr\u00f3 m\u00e1s importancia. Tanto, que en 1982 fuimos una de las diez bodegas de la regi\u00f3n que impulsamos la fundaci\u00f3n de la Denominaci\u00f3n de Origen Ribera del Duero.\u00a0<\/p><p>Actualmente, al frente de la bodega se encuentran Juan Jos\u00e9 Balb\u00e1s y su esposa, Clara de la Fuente, defensores a ultranza de nuestra tierra y encargados de traer la historia y los vinos de Bodegas Balb\u00e1s hasta la actualidad. Junto a ellos, dos de sus hijas, Patricia y Mar\u00eda Balb\u00e1s.<\/p><p>La Familia Balb\u00e1s, consciente de que el vino es una expresi\u00f3n del terru\u00f1o, ha mantenido la filosof\u00eda familiar de ser viticultores antes que bodegueros: \u201c<em>\"the potential of a wine is marked by the quality of the soil and the grapes it produces<\/em>\u201d.\u00a0<\/p>\t\t\t\t\t\t\t\t<\/div>\n\t\t\t\t<\/div>\n\t\t\t\t<\/section>\n\t\t<section class=\"elementor-element elementor-element-2e6095e e-con-full e-flex e-con e-parent\" data-id=\"2e6095e\" data-element_type=\"container\" data-e-type=\"container\">\n\t\t<div class=\"elementor-element elementor-element-6bf1fbb e-con-full e-flex e-con e-child\" data-id=\"6bf1fbb\" data-element_type=\"container\" data-e-type=\"container\">\n\t\t\t\t<div class=\"elementor-element elementor-element-bd12829 elementor-widget elementor-widget-text-editor\" data-id=\"bd12829\" data-element_type=\"widget\" data-e-type=\"widget\" data-widget_type=\"text-editor.default\">\n\t\t\t\t\t\t\t\t\t<p>Pedro de la Fuente, the winemaker, is the architect of the personality of Bodegas Balb\u00e1s wines.<\/p><p>He has been linked to the winery for more than 25 years and is responsible for ensuring that each wine brings out the best of itself. He takes great care in all the processes so that you can enjoy special wines that reflect the aromas and nuances of a land located in the best area of Ribera del Duero.<\/p>\t\t\t\t\t\t\t\t<\/div>\n\t\t\t\t<\/div>\n\t\t\t\t<div class=\"elementor-element elementor-element-2350d26 elementor-widget elementor-widget-image\" data-id=\"2350d26\" data-element_type=\"widget\" data-e-type=\"widget\" data-widget_type=\"image.default\">\n\t\t\t\t\t\t\t\t\t\t\t\t\t\t\t<img decoding=\"async\" width=\"1000\" height=\"667\" src=\"https:\/\/balbas.es\/wp-content\/uploads\/2023\/09\/nosotros-balbas-bodegas-enologo.jpg\" class=\"attachment-full size-full wp-image-8308\" alt=\"Desde 1777 - Bodegas Balb\u00e1s\" srcset=\"https:\/\/balbas.es\/wp-content\/uploads\/2023\/09\/nosotros-balbas-bodegas-enologo.jpg 1000w, https:\/\/balbas.es\/wp-content\/uploads\/2023\/09\/nosotros-balbas-bodegas-enologo-300x200.jpg 300w, https:\/\/balbas.es\/wp-content\/uploads\/2023\/09\/nosotros-balbas-bodegas-enologo-768x512.jpg 768w, https:\/\/balbas.es\/wp-content\/uploads\/2023\/09\/nosotros-balbas-bodegas-enologo-18x12.jpg 18w, https:\/\/balbas.es\/wp-content\/uploads\/2023\/09\/nosotros-balbas-bodegas-enologo-600x400.jpg 600w\" sizes=\"(max-width: 1000px) 100vw, 1000px\" loading=\"eager\" title=\"\">\t\t\t\t\t\t\t\t\t\t\t\t\t\t\t<\/div>\n\t\t\t\t<\/section>\n\t\t\t\t<\/div>","protected":false},"excerpt":{"rendered":"<p>Nuestra Historia La historia de Bodegas Balb\u00e1s se remonta a 1777 y, desde entonces, siete generaciones de la misma familia han mantenido un v\u00ednculo ininterrumpido con esta tierra y con el oficio de elaborar vino. A lo largo de casi dos siglos y medio hemos visto cambiar el paisaje, las cosechas y las formas de [&hellip;]<\/p>\n","protected":false},"author":173,"featured_media":0,"parent":0,"menu_order":4,"comment_status":"closed","ping_status":"closed","template":"","meta":{"footnotes":""},"class_list":["post-7898","page","type-page","status-publish","hentry"],"_links":{"self":[{"href":"https:\/\/balbas.es\/en\/wp-json\/wp\/v2\/pages\/7898","targetHints":{"allow":["GET"]}}],"collection":[{"href":"https:\/\/balbas.es\/en\/wp-json\/wp\/v2\/pages"}],"about":[{"href":"https:\/\/balbas.es\/en\/wp-json\/wp\/v2\/types\/page"}],"author":[{"embeddable":true,"href":"https:\/\/balbas.es\/en\/wp-json\/wp\/v2\/users\/173"}],"replies":[{"embeddable":true,"href":"https:\/\/balbas.es\/en\/wp-json\/wp\/v2\/comments?post=7898"}],"version-history":[{"count":3,"href":"https:\/\/balbas.es\/en\/wp-json\/wp\/v2\/pages\/7898\/revisions"}],"predecessor-version":[{"id":12222,"href":"https:\/\/balbas.es\/en\/wp-json\/wp\/v2\/pages\/7898\/revisions\/12222"}],"wp:attachment":[{"href":"https:\/\/balbas.es\/en\/wp-json\/wp\/v2\/media?parent=7898"}],"curies":[{"name":"wp","href":"https:\/\/api.w.org\/{rel}","templated":true}]}}

<div data-elementor-type="wp-page" data-elementor-id="7898" class="elementor elementor-7898" data-elementor-post-type="page">
				<section class="elementor-element elementor-element-8ebeebd e-con-full e-flex e-con e-parent" data-id="8ebeebd" data-element_type="container" data-e-type="container" data-settings="{&quot;background_background&quot;:&quot;classic&quot;}">
		<div class="elementor-element elementor-element-ca9e4bc e-con-full e-flex e-con e-child" data-id="ca9e4bc" data-element_type="container" data-e-type="container" data-settings="{&quot;background_background&quot;:&quot;classic&quot;}">
				</div>
		<div class="elementor-element elementor-element-4fba4c1 e-con-full e-flex e-con e-child" data-id="4fba4c1" data-element_type="container" data-e-type="container" data-settings="{&quot;background_background&quot;:&quot;classic&quot;}">
				<div class="elementor-element elementor-element-727b87e elementor-widget elementor-widget-heading" data-id="727b87e" data-element_type="widget" data-e-type="widget" data-widget_type="heading.default">
					<h2 class="elementor-heading-title elementor-size-default">Nuestra Historia</h2>				</div>
				<div class="elementor-element elementor-element-34b0281 elementor-widget elementor-widget-text-editor" data-id="34b0281" data-element_type="widget" data-e-type="widget" data-widget_type="text-editor.default">
									<p>La historia de Bodegas Balbás se remonta a 1777 y, desde entonces, siete generaciones de la misma familia han mantenido un vínculo ininterrumpido con esta tierra y con el oficio de elaborar vino.</p><p>A lo largo de casi dos siglos y medio hemos visto cambiar el paisaje, las cosechas y las formas de entender el vino, pero nunca aquello que nos define: el respeto por el origen, el valor del tiempo y la convicción de que los grandes vinos nacen mucho antes de llegar a la bodega.</p><p>Hoy seguimos elaborando nuestros vinos desde el corazón de la Ribera del Duero con la misma dedicación con la que comenzó nuestra historia, reinterpretando un legado familiar para compartirlo con las nuevas generaciones.</p>								</div>
				</div>
				</section>
		<section class="elementor-element elementor-element-8ed5345 e-con-full e-flex e-con e-parent" data-id="8ed5345" data-element_type="container" data-e-type="container">
		<div class="elementor-element elementor-element-976da9a e-con-full e-flex e-con e-child" data-id="976da9a" data-element_type="container" data-e-type="container" data-settings="{&quot;background_background&quot;:&quot;classic&quot;}">
				<div class="elementor-element elementor-element-9446855 elementor-widget elementor-widget-image" data-id="9446855" data-element_type="widget" data-e-type="widget" data-widget_type="image.default">
															<img fetchpriority="high" decoding="async" width="1920" height="1080" src="https://balbas.es/wp-content/uploads/2023/09/nosotros-balbas-bodegas-jj.jpg" class="attachment-full size-full wp-image-8190" alt="Desde 1777 - Bodegas Balbás" srcset="https://balbas.es/wp-content/uploads/2023/09/nosotros-balbas-bodegas-jj.jpg 1920w, https://balbas.es/wp-content/uploads/2023/09/nosotros-balbas-bodegas-jj-300x169.jpg 300w, https://balbas.es/wp-content/uploads/2023/09/nosotros-balbas-bodegas-jj-1024x576.jpg 1024w, https://balbas.es/wp-content/uploads/2023/09/nosotros-balbas-bodegas-jj-768x432.jpg 768w, https://balbas.es/wp-content/uploads/2023/09/nosotros-balbas-bodegas-jj-1536x864.jpg 1536w, https://balbas.es/wp-content/uploads/2023/09/nosotros-balbas-bodegas-jj-18x10.jpg 18w, https://balbas.es/wp-content/uploads/2023/09/nosotros-balbas-bodegas-jj-600x338.jpg 600w" sizes="(max-width: 1920px) 100vw, 1920px" loading="eager" title="">															</div>
				</div>
		<div class="elementor-element elementor-element-ea0415b e-con-full e-flex e-con e-child" data-id="ea0415b" data-element_type="container" data-e-type="container">
				<div class="elementor-element elementor-element-2f1e28b elementor-widget elementor-widget-text-editor" data-id="2f1e28b" data-element_type="widget" data-e-type="widget" data-widget_type="text-editor.default">
									<p>En 1777 comienza el legado de nuestra familia, vinculada al terruño y a la vid. Nuestra actividad estaba ligada a la elaboración de vino para consumo propio con las uvas procedentes de sus tierras, que transportaba en botas hechas con piel de animales.</p><p>La fabricación de estas botas se convirtió en nuestro oficio principal, transformándonos así en boteros.</p><p>Con el paso de los años y la aparición de barricas y vidrio en la región, este oficio pasó a un segundo plano y la elaboración de vino para su comercialización cobró más importancia. Tanto, que en 1982 fuimos una de las diez bodegas de la región que impulsamos la fundación de la Denominación de Origen Ribera del Duero. </p><p>Actualmente, al frente de la bodega se encuentran Juan José Balbás y su esposa, Clara de la Fuente, defensores a ultranza de nuestra tierra y encargados de traer la historia y los vinos de Bodegas Balbás hasta la actualidad. Junto a ellos, dos de sus hijas, Patricia y María Balbás.</p><p>La Familia Balbás, consciente de que el vino es una expresión del terruño, ha mantenido la filosofía familiar de ser viticultores antes que bodegueros: “<em>"the potential of a wine is marked by the quality of the soil and the grapes it produces</em>”. </p>								</div>
				</div>
				</section>
		<section class="elementor-element elementor-element-2e6095e e-con-full e-flex e-con e-parent" data-id="2e6095e" data-element_type="container" data-e-type="container">
		<div class="elementor-element elementor-element-6bf1fbb e-con-full e-flex e-con e-child" data-id="6bf1fbb" data-element_type="container" data-e-type="container">
				<div class="elementor-element elementor-element-bd12829 elementor-widget elementor-widget-text-editor" data-id="bd12829" data-element_type="widget" data-e-type="widget" data-widget_type="text-editor.default">
									<p>Pedro de la Fuente, the winemaker, is the architect of the personality of Bodegas Balbás wines.</p><p>He has been linked to the winery for more than 25 years and is responsible for ensuring that each wine brings out the best of itself. He takes great care in all the processes so that you can enjoy special wines that reflect the aromas and nuances of a land located in the best area of Ribera del Duero.</p>								</div>
				</div>
				<div class="elementor-element elementor-element-2350d26 elementor-widget elementor-widget-image" data-id="2350d26" data-element_type="widget" data-e-type="widget" data-widget_type="image.default">
															<img decoding="async" width="1000" height="667" src="https://balbas.es/wp-content/uploads/2023/09/nosotros-balbas-bodegas-enologo.jpg" class="attachment-full size-full wp-image-8308" alt="Desde 1777 - Bodegas Balbás" srcset="https://balbas.es/wp-content/uploads/2023/09/nosotros-balbas-bodegas-enologo.jpg 1000w, https://balbas.es/wp-content/uploads/2023/09/nosotros-balbas-bodegas-enologo-300x200.jpg 300w, https://balbas.es/wp-content/uploads/2023/09/nosotros-balbas-bodegas-enologo-768x512.jpg 768w, https://balbas.es/wp-content/uploads/2023/09/nosotros-balbas-bodegas-enologo-18x12.jpg 18w, https://balbas.es/wp-content/uploads/2023/09/nosotros-balbas-bodegas-enologo-600x400.jpg 600w" sizes="(max-width: 1000px) 100vw, 1000px" loading="eager" title="">															</div>
				</section>
				</div>

<p>Nuestra Historia La historia de Bodegas Balbás se remonta a 1777 y, desde entonces, siete generaciones de la misma familia han mantenido un vínculo ininterrumpido con esta tierra y con el oficio de elaborar vino. A lo largo de casi dos siglos y medio hemos visto cambiar el paisaje, las cosechas y las formas de [&hellip;]</p>
