{"id":27,"date":"2022-02-20T13:58:54","date_gmt":"2022-02-20T13:58:54","guid":{"rendered":"https:\/\/www.balbas.es\/?page_id=27"},"modified":"2026-08-07T13:38:07","modified_gmt":"2026-08-07T11:38:07","slug":"vinedos","status":"publish","type":"page","link":"https:\/\/balbas.es\/en\/vinedos\/","title":{"rendered":"Vineyards"},"content":{"rendered":"<div data-elementor-type=\"wp-page\" data-elementor-id=\"27\" class=\"elementor elementor-27\" data-elementor-post-type=\"page\">\n\t\t\t\t<section class=\"elementor-element elementor-element-27a833a e-con-full e-flex e-con e-parent\" data-id=\"27a833a\" data-element_type=\"container\" data-e-type=\"container\" data-settings=\"{&quot;background_background&quot;:&quot;classic&quot;}\">\n\t\t\t\t<div class=\"elementor-element elementor-element-1ba7518 elementor-widget elementor-widget-spacer\" data-id=\"1ba7518\" data-element_type=\"widget\" data-e-type=\"widget\" data-widget_type=\"spacer.default\">\n\t\t\t\t\t\t\t<div class=\"elementor-spacer\">\n\t\t\t<div class=\"elementor-spacer-inner\"><\/div>\n\t\t<\/div>\n\t\t\t\t\t\t<\/div>\n\t\t\t\t<\/section>\n\t\t<section class=\"elementor-element elementor-element-f0ef50c e-flex e-con-boxed e-con e-parent\" data-id=\"f0ef50c\" data-element_type=\"container\" data-e-type=\"container\">\n\t\t\t\t\t<div class=\"e-con-inner\">\n\t\t<div class=\"elementor-element elementor-element-61c3c95 e-con-full e-flex e-con e-child\" data-id=\"61c3c95\" data-element_type=\"container\" data-e-type=\"container\" data-settings=\"{&quot;background_background&quot;:&quot;classic&quot;}\">\n\t\t\t\t<div class=\"elementor-element elementor-element-3a8b544 elementor-widget elementor-widget-heading\" data-id=\"3a8b544\" data-element_type=\"widget\" data-e-type=\"widget\" data-widget_type=\"heading.default\">\n\t\t\t\t\t<h1 class=\"elementor-heading-title elementor-size-default\">Vineyards<\/h1>\t\t\t\t<\/div>\n\t\t\t\t<div class=\"elementor-element elementor-element-1621269 elementor-widget elementor-widget-text-editor\" data-id=\"1621269\" data-element_type=\"widget\" data-e-type=\"widget\" data-widget_type=\"text-editor.default\">\n\t\t\t\t\t\t\t\t\t<p>Antes que una Bodega, somos un paisaje.\u00a0<\/p><p>Un paisaje que nuestra familia lleva recorriendo desde 1777, aprendiendo a interpretar el ritmo de las estaciones y el car\u00e1cter de cada parcela.<\/p><p>Hoy ese legado se traduce en 140 hect\u00e1reas de vi\u00f1edo propio en torno a La Horra, el coraz\u00f3n de la Ribera del Duero. Un patrimonio que nos permite cuidar cada vi\u00f1a desde el origen y elaborar vinos que reflejan, con fidelidad, el lugar del que proceden.<\/p><p class=\"PDq2pG_selectionAnchorContainer\" data-start=\"1805\" data-end=\"2041\">Predomina la Tinta del Pa\u00eds (Tempranillo), acompa\u00f1ada por peque\u00f1as plantaciones de Albillo Mayor, Merlot y Cabernet Sauvignon, cultivadas con el mismo respeto por el territorio que ha guiado a nuestra familia durante siete generaciones.<\/p>\t\t\t\t\t\t\t\t<\/div>\n\t\t\t\t<div class=\"elementor-element elementor-element-b8fe85d elementor-align-center elementor-widget elementor-widget-button\" data-id=\"b8fe85d\" data-element_type=\"widget\" data-e-type=\"widget\" data-widget_type=\"button.default\">\n\t\t\t\t\t\t\t\t\t\t<a class=\"elementor-button elementor-button-link elementor-size-sm\" href=\"#elementor-action%3Aaction%3Dpopup%3Aopen%26settings%3DeyJpZCI6IjgwNTciLCJ0b2dnbGUiOmZhbHNlfQ%3D%3D\" data-elementor-lightbox-slideshow=\"907311e\">\n\t\t\t\t\t\t<span class=\"elementor-button-content-wrapper\">\n\t\t\t\t\t\t<span class=\"elementor-button-icon\">\n\t\t\t\t<svg aria-hidden=\"true\" class=\"e-font-icon-svg e-fas-arrow-right\" viewbox=\"0 0 448 512\" xmlns=\"http:\/\/www.w3.org\/2000\/svg\"><path d=\"M190.5 66.9l22.2-22.2c9.4-9.4 24.6-9.4 33.9 0L441 239c9.4 9.4 9.4 24.6 0 33.9L246.6 467.3c-9.4 9.4-24.6 9.4-33.9 0l-22.2-22.2c-9.5-9.5-9.3-25 .4-34.3L311.4 296H24c-13.3 0-24-10.7-24-24v-32c0-13.3 10.7-24 24-24h287.4L190.9 101.2c-9.8-9.3-10-24.8-.4-34.3z\"><\/path><\/svg>\t\t\t<\/span>\n\t\t\t\t\t\t\t\t\t<span class=\"elementor-button-text\">See our plots<\/span>\n\t\t\t\t\t<\/span>\n\t\t\t\t\t<\/a>\n\t\t\t\t\t\t\t\t<\/div>\n\t\t\t\t<\/div>\n\t\t\t\t\t<\/div>\n\t\t\t\t<\/section>\n\t\t<section class=\"elementor-element elementor-element-493bf18 e-con-full e-flex e-con e-parent\" data-id=\"493bf18\" data-element_type=\"container\" data-e-type=\"container\">\n\t\t<div class=\"elementor-element elementor-element-8607b02 e-con-full e-flex e-con e-child\" data-id=\"8607b02\" data-element_type=\"container\" data-e-type=\"container\" data-settings=\"{&quot;background_background&quot;:&quot;classic&quot;}\">\n\t\t\t\t<div class=\"elementor-element elementor-element-8e288c2 elementor-widget elementor-widget-image\" data-id=\"8e288c2\" data-element_type=\"widget\" data-e-type=\"widget\" data-widget_type=\"image.default\">\n\t\t\t\t\t\t\t\t\t\t\t\t\t\t\t<img fetchpriority=\"high\" decoding=\"async\" width=\"1000\" height=\"667\" src=\"https:\/\/balbas.es\/wp-content\/uploads\/2023\/09\/vinedos-balbas-bodega-44.jpg\" class=\"attachment-full size-full wp-image-8224\" alt=\"Bodegas Balb\u00e1s - Vi\u00f1edos\" srcset=\"https:\/\/balbas.es\/wp-content\/uploads\/2023\/09\/vinedos-balbas-bodega-44.jpg 1000w, https:\/\/balbas.es\/wp-content\/uploads\/2023\/09\/vinedos-balbas-bodega-44-300x200.jpg 300w, https:\/\/balbas.es\/wp-content\/uploads\/2023\/09\/vinedos-balbas-bodega-44-768x512.jpg 768w, https:\/\/balbas.es\/wp-content\/uploads\/2023\/09\/vinedos-balbas-bodega-44-18x12.jpg 18w, https:\/\/balbas.es\/wp-content\/uploads\/2023\/09\/vinedos-balbas-bodega-44-600x400.jpg 600w\" sizes=\"(max-width: 1000px) 100vw, 1000px\" loading=\"eager\" title=\"\">\t\t\t\t\t\t\t\t\t\t\t\t\t\t\t<\/div>\n\t\t\t\t<\/div>\n\t\t<div class=\"elementor-element elementor-element-8ed9b68 e-con-full e-flex e-con e-child\" data-id=\"8ed9b68\" data-element_type=\"container\" data-e-type=\"container\">\n\t\t\t\t<div class=\"elementor-element elementor-element-fcd313e elementor-widget elementor-widget-text-editor\" data-id=\"fcd313e\" data-element_type=\"widget\" data-e-type=\"widget\" data-widget_type=\"text-editor.default\">\n\t\t\t\t\t\t\t\t\t<p>Cada una de nuestras parcelas aporta algo distinto a cada vino.\u00a0 Saber que\u0301 pueden ofrecer y co\u0301mo se pueden potenciar ha sido la clave para que nuestro en\u00f3logo, Pedro de la Fuente junto a Fernando Izquierdo, el Jefe de Viticultura hayan podido crear a lo largo de estos a\u00f1os una gama de vinos de autor con pocas referencias, pero muy cuidadas.<\/p><p>At Balb\u00e1s we are winegrowers and we have been able to work the land despite its conditions and the harsh Castilian climate that plagues us, to skilfully manage to make the vineyard prosper in difficult areas, mostly located in very poor soils (stony, sandy or clayey).<\/p>\t\t\t\t\t\t\t\t<\/div>\n\t\t\t\t<\/div>\n\t\t\t\t<\/section>\n\t\t<section class=\"elementor-element elementor-element-af29e99 e-con-full e-flex e-con e-parent\" data-id=\"af29e99\" data-element_type=\"container\" data-e-type=\"container\">\n\t\t<div class=\"elementor-element elementor-element-a83f333 e-con-full e-flex e-con e-child\" data-id=\"a83f333\" data-element_type=\"container\" data-e-type=\"container\" data-settings=\"{&quot;background_background&quot;:&quot;classic&quot;}\">\n\t\t\t\t<div class=\"elementor-element elementor-element-74353da elementor-widget elementor-widget-image\" data-id=\"74353da\" data-element_type=\"widget\" data-e-type=\"widget\" data-widget_type=\"image.default\">\n\t\t\t\t\t\t\t\t\t\t\t\t\t\t\t<img decoding=\"async\" width=\"1000\" height=\"667\" src=\"https:\/\/balbas.es\/wp-content\/uploads\/2023\/09\/vinedos-balbas-bodega-55.jpg\" class=\"attachment-full size-full wp-image-8303\" alt=\"Bodegas Balb\u00e1s - Vi\u00f1edos\" srcset=\"https:\/\/balbas.es\/wp-content\/uploads\/2023\/09\/vinedos-balbas-bodega-55.jpg 1000w, https:\/\/balbas.es\/wp-content\/uploads\/2023\/09\/vinedos-balbas-bodega-55-300x200.jpg 300w, https:\/\/balbas.es\/wp-content\/uploads\/2023\/09\/vinedos-balbas-bodega-55-768x512.jpg 768w, https:\/\/balbas.es\/wp-content\/uploads\/2023\/09\/vinedos-balbas-bodega-55-18x12.jpg 18w, https:\/\/balbas.es\/wp-content\/uploads\/2023\/09\/vinedos-balbas-bodega-55-600x400.jpg 600w\" sizes=\"(max-width: 1000px) 100vw, 1000px\" loading=\"eager\" title=\"\">\t\t\t\t\t\t\t\t\t\t\t\t\t\t\t<\/div>\n\t\t\t\t<\/div>\n\t\t<div class=\"elementor-element elementor-element-316df46 e-con-full e-flex e-con e-child\" data-id=\"316df46\" data-element_type=\"container\" data-e-type=\"container\">\n\t\t\t\t<div class=\"elementor-element elementor-element-0f8d8f2 elementor-widget elementor-widget-text-editor\" data-id=\"0f8d8f2\" data-element_type=\"widget\" data-e-type=\"widget\" data-widget_type=\"text-editor.default\">\n\t\t\t\t\t\t\t\t\t<p>Muchas de nuestras cepas proceden de antiguos vi\u00f1edos familiares conservados durante generaciones, manteniendo vivo un patrimonio estrechamente ligado a nuestro territorio.\u00a0<\/p><p>Buscar el equilibrio natural del vi\u00f1edo es clave para hacer esto posible, cuidando la salud y la vida del suelo y adaptando cada labora a las necesidades de la planta y a los ritmos de la naturaleza.\u00a0<\/p><p>Una viticultura l\u00f3gica basada en la observaci\u00f3n, el conocimiento y el respeto por la tierra, con un \u00fanico prop\u00f3sito: obtener la mejor expresi\u00f3n de cada vi\u00f1edo.\u00a0<\/p>\t\t\t\t\t\t\t\t<\/div>\n\t\t\t\t<\/div>\n\t\t\t\t<\/section>\n\t\t\t\t<\/div>","protected":false},"excerpt":{"rendered":"<p>Vi\u00f1edos Antes que una Bodega, somos un paisaje.\u00a0 Un paisaje que nuestra familia lleva recorriendo desde 1777, aprendiendo a interpretar el ritmo de las estaciones y el car\u00e1cter de cada parcela. Hoy ese legado se traduce en 140 hect\u00e1reas de vi\u00f1edo propio en torno a La Horra, el coraz\u00f3n de la Ribera del Duero. Un [&hellip;]<\/p>\n","protected":false},"author":173,"featured_media":0,"parent":0,"menu_order":7,"comment_status":"closed","ping_status":"closed","template":"","meta":{"footnotes":""},"class_list":["post-27","page","type-page","status-publish","hentry"],"_links":{"self":[{"href":"https:\/\/balbas.es\/en\/wp-json\/wp\/v2\/pages\/27","targetHints":{"allow":["GET"]}}],"collection":[{"href":"https:\/\/balbas.es\/en\/wp-json\/wp\/v2\/pages"}],"about":[{"href":"https:\/\/balbas.es\/en\/wp-json\/wp\/v2\/types\/page"}],"author":[{"embeddable":true,"href":"https:\/\/balbas.es\/en\/wp-json\/wp\/v2\/users\/173"}],"replies":[{"embeddable":true,"href":"https:\/\/balbas.es\/en\/wp-json\/wp\/v2\/comments?post=27"}],"version-history":[{"count":6,"href":"https:\/\/balbas.es\/en\/wp-json\/wp\/v2\/pages\/27\/revisions"}],"predecessor-version":[{"id":12242,"href":"https:\/\/balbas.es\/en\/wp-json\/wp\/v2\/pages\/27\/revisions\/12242"}],"wp:attachment":[{"href":"https:\/\/balbas.es\/en\/wp-json\/wp\/v2\/media?parent=27"}],"curies":[{"name":"wp","href":"https:\/\/api.w.org\/{rel}","templated":true}]}}

<div data-elementor-type="wp-page" data-elementor-id="27" class="elementor elementor-27" data-elementor-post-type="page">
				<section class="elementor-element elementor-element-27a833a e-con-full e-flex e-con e-parent" data-id="27a833a" data-element_type="container" data-e-type="container" data-settings="{&quot;background_background&quot;:&quot;classic&quot;}">
				<div class="elementor-element elementor-element-1ba7518 elementor-widget elementor-widget-spacer" data-id="1ba7518" data-element_type="widget" data-e-type="widget" data-widget_type="spacer.default">
							<div class="elementor-spacer">
			<div class="elementor-spacer-inner"></div>
		</div>
						</div>
				</section>
		<section class="elementor-element elementor-element-f0ef50c e-flex e-con-boxed e-con e-parent" data-id="f0ef50c" data-element_type="container" data-e-type="container">
					<div class="e-con-inner">
		<div class="elementor-element elementor-element-61c3c95 e-con-full e-flex e-con e-child" data-id="61c3c95" data-element_type="container" data-e-type="container" data-settings="{&quot;background_background&quot;:&quot;classic&quot;}">
				<div class="elementor-element elementor-element-3a8b544 elementor-widget elementor-widget-heading" data-id="3a8b544" data-element_type="widget" data-e-type="widget" data-widget_type="heading.default">
					<h1 class="elementor-heading-title elementor-size-default">Vineyards</h1>				</div>
				<div class="elementor-element elementor-element-1621269 elementor-widget elementor-widget-text-editor" data-id="1621269" data-element_type="widget" data-e-type="widget" data-widget_type="text-editor.default">
									<p>Antes que una Bodega, somos un paisaje. </p><p>Un paisaje que nuestra familia lleva recorriendo desde 1777, aprendiendo a interpretar el ritmo de las estaciones y el carácter de cada parcela.</p><p>Hoy ese legado se traduce en 140 hectáreas de viñedo propio en torno a La Horra, el corazón de la Ribera del Duero. Un patrimonio que nos permite cuidar cada viña desde el origen y elaborar vinos que reflejan, con fidelidad, el lugar del que proceden.</p><p class="PDq2pG_selectionAnchorContainer" data-start="1805" data-end="2041">Predomina la Tinta del País (Tempranillo), acompañada por pequeñas plantaciones de Albillo Mayor, Merlot y Cabernet Sauvignon, cultivadas con el mismo respeto por el territorio que ha guiado a nuestra familia durante siete generaciones.</p>								</div>
				<div class="elementor-element elementor-element-b8fe85d elementor-align-center elementor-widget elementor-widget-button" data-id="b8fe85d" data-element_type="widget" data-e-type="widget" data-widget_type="button.default">
										<a class="elementor-button elementor-button-link elementor-size-sm" href="#elementor-action%3Aaction%3Dpopup%3Aopen%26settings%3DeyJpZCI6IjgwNTciLCJ0b2dnbGUiOmZhbHNlfQ%3D%3D" data-elementor-lightbox-slideshow="907311e">
						<span class="elementor-button-content-wrapper">
						<span class="elementor-button-icon">
				<svg aria-hidden="true" class="e-font-icon-svg e-fas-arrow-right" viewbox="0 0 448 512" xmlns="http://www.w3.org/2000/svg"><path d="M190.5 66.9l22.2-22.2c9.4-9.4 24.6-9.4 33.9 0L441 239c9.4 9.4 9.4 24.6 0 33.9L246.6 467.3c-9.4 9.4-24.6 9.4-33.9 0l-22.2-22.2c-9.5-9.5-9.3-25 .4-34.3L311.4 296H24c-13.3 0-24-10.7-24-24v-32c0-13.3 10.7-24 24-24h287.4L190.9 101.2c-9.8-9.3-10-24.8-.4-34.3z"></path></svg>			</span>
									<span class="elementor-button-text">See our plots</span>
					</span>
					</a>
								</div>
				</div>
					</div>
				</section>
		<section class="elementor-element elementor-element-493bf18 e-con-full e-flex e-con e-parent" data-id="493bf18" data-element_type="container" data-e-type="container">
		<div class="elementor-element elementor-element-8607b02 e-con-full e-flex e-con e-child" data-id="8607b02" data-element_type="container" data-e-type="container" data-settings="{&quot;background_background&quot;:&quot;classic&quot;}">
				<div class="elementor-element elementor-element-8e288c2 elementor-widget elementor-widget-image" data-id="8e288c2" data-element_type="widget" data-e-type="widget" data-widget_type="image.default">
															<img fetchpriority="high" decoding="async" width="1000" height="667" src="https://balbas.es/wp-content/uploads/2023/09/vinedos-balbas-bodega-44.jpg" class="attachment-full size-full wp-image-8224" alt="Bodegas Balbás - Viñedos" srcset="https://balbas.es/wp-content/uploads/2023/09/vinedos-balbas-bodega-44.jpg 1000w, https://balbas.es/wp-content/uploads/2023/09/vinedos-balbas-bodega-44-300x200.jpg 300w, https://balbas.es/wp-content/uploads/2023/09/vinedos-balbas-bodega-44-768x512.jpg 768w, https://balbas.es/wp-content/uploads/2023/09/vinedos-balbas-bodega-44-18x12.jpg 18w, https://balbas.es/wp-content/uploads/2023/09/vinedos-balbas-bodega-44-600x400.jpg 600w" sizes="(max-width: 1000px) 100vw, 1000px" loading="eager" title="">															</div>
				</div>
		<div class="elementor-element elementor-element-8ed9b68 e-con-full e-flex e-con e-child" data-id="8ed9b68" data-element_type="container" data-e-type="container">
				<div class="elementor-element elementor-element-fcd313e elementor-widget elementor-widget-text-editor" data-id="fcd313e" data-element_type="widget" data-e-type="widget" data-widget_type="text-editor.default">
									<p>Cada una de nuestras parcelas aporta algo distinto a cada vino.  Saber qué pueden ofrecer y cómo se pueden potenciar ha sido la clave para que nuestro enólogo, Pedro de la Fuente junto a Fernando Izquierdo, el Jefe de Viticultura hayan podido crear a lo largo de estos años una gama de vinos de autor con pocas referencias, pero muy cuidadas.</p><p>At Balbás we are winegrowers and we have been able to work the land despite its conditions and the harsh Castilian climate that plagues us, to skilfully manage to make the vineyard prosper in difficult areas, mostly located in very poor soils (stony, sandy or clayey).</p>								</div>
				</div>
				</section>
		<section class="elementor-element elementor-element-af29e99 e-con-full e-flex e-con e-parent" data-id="af29e99" data-element_type="container" data-e-type="container">
		<div class="elementor-element elementor-element-a83f333 e-con-full e-flex e-con e-child" data-id="a83f333" data-element_type="container" data-e-type="container" data-settings="{&quot;background_background&quot;:&quot;classic&quot;}">
				<div class="elementor-element elementor-element-74353da elementor-widget elementor-widget-image" data-id="74353da" data-element_type="widget" data-e-type="widget" data-widget_type="image.default">
															<img decoding="async" width="1000" height="667" src="https://balbas.es/wp-content/uploads/2023/09/vinedos-balbas-bodega-55.jpg" class="attachment-full size-full wp-image-8303" alt="Bodegas Balbás - Viñedos" srcset="https://balbas.es/wp-content/uploads/2023/09/vinedos-balbas-bodega-55.jpg 1000w, https://balbas.es/wp-content/uploads/2023/09/vinedos-balbas-bodega-55-300x200.jpg 300w, https://balbas.es/wp-content/uploads/2023/09/vinedos-balbas-bodega-55-768x512.jpg 768w, https://balbas.es/wp-content/uploads/2023/09/vinedos-balbas-bodega-55-18x12.jpg 18w, https://balbas.es/wp-content/uploads/2023/09/vinedos-balbas-bodega-55-600x400.jpg 600w" sizes="(max-width: 1000px) 100vw, 1000px" loading="eager" title="">															</div>
				</div>
		<div class="elementor-element elementor-element-316df46 e-con-full e-flex e-con e-child" data-id="316df46" data-element_type="container" data-e-type="container">
				<div class="elementor-element elementor-element-0f8d8f2 elementor-widget elementor-widget-text-editor" data-id="0f8d8f2" data-element_type="widget" data-e-type="widget" data-widget_type="text-editor.default">
									<p>Muchas de nuestras cepas proceden de antiguos viñedos familiares conservados durante generaciones, manteniendo vivo un patrimonio estrechamente ligado a nuestro territorio. </p><p>Buscar el equilibrio natural del viñedo es clave para hacer esto posible, cuidando la salud y la vida del suelo y adaptando cada labora a las necesidades de la planta y a los ritmos de la naturaleza. </p><p>Una viticultura lógica basada en la observación, el conocimiento y el respeto por la tierra, con un único propósito: obtener la mejor expresión de cada viñedo. </p>								</div>
				</div>
				</section>
				</div>

<p>Viñedos Antes que una Bodega, somos un paisaje.  Un paisaje que nuestra familia lleva recorriendo desde 1777, aprendiendo a interpretar el ritmo de las estaciones y el carácter de cada parcela. Hoy ese legado se traduce en 140 hectáreas de viñedo propio en torno a La Horra, el corazón de la Ribera del Duero. Un [&hellip;]</p>
